 = -97 - -392. Calculate the remainder when r is divided by 75.
70
Let m(x) = 2*x - 4. Let j be m(4). Suppose -154 = -3*z - j*z. What is the remainder when 87 is divided by z?
21
Let b(u) = 227*u**3 - u**2 + 2*u - 3. Calculate the remainder when b(1) is divided by 85.
55
Suppose 215 = 4*c - 5*l, 12 = -2*l - 2*l. What is the remainder when c is divided by 8?
2
Let i(z) = -23*z - 97. What is the remainder when 408 is divided by i(-6)?
39
Suppose r = -1, 5*c + 3*r = 8*c - 15. What is the remainder when c is divided by 1?
0
Let s = -1156 - -1159. Let f(w) = -w**3 + 6*w**2 - 2*w - 5. Calculate the remainder when f(5) is divided by s.
1
Let u(i) = i**3 + 4*i**2 - 7. Let j be u(-4). Calculate the remainder when 34 is divided by (-48)/(-84) - 59/j.
7
Let w be (-17)/(-6) - (-7)/42. Calculate the remainder when 20 is divided by (77/(-22) + 1*w)*-24.
8
Let d = 13 + -5. Let z be (d/16)/((-1)/2). Calculate the remainder when 46 is divided by 13 - z/(-2)*-6.
14
Let z = -29 + 50. Let c = z - 0. What is the remainder when 62 is divided by c?
20
Let b(a) = 42*a - 4. Calculate the remainder when b(3) is divided by 756/20 + 2/10 + -7.
29
Suppose -6 = -2*p + 16. Let h = 14 - 11. Calculate the remainder when p is divided by h.
2
Let z be (-3 - -1) + 2 + -1. Let n = z + 1. Suppose n = 4*s - 5*s + 13. What is the remainder when s is divided by 5?
3
Let r(o) = -2*o - 2. Let j be r(-2). Suppose 0 = 4*y - 3*m + j + 5, 0 = -2*y - m + 9. Suppose 3*n - 27 = y*n. What is the remainder when 51 is divided by n?
24
Let a = -1118 - -2016. Let n be a/(-10) + (-1)/5. What is the remainder when 35 is divided by (10/25)/((-2)/n)?
17
Let g = 54 + -27. Let l(f) = f + 7. Let d be l(-7). Suppose d = 3*x - 30. Calculate the remainder when g is divided by x.
7
Let f = -352 + 366. What is the remainder when 685 is divided by f?
13
Suppose q - 2*q = -192. Let s be 3/(-7) + q/56. Suppose -25 = -2*t - s*t. Calculate the remainder when 13 is divided by t.
3
Suppose 2*v + 11 = 3*k + 111, -4*v - k + 186 = 0. Let t(w) = 11*w + 40. What is the remainder when v is divided by t(-2)?
11
Let v(p) = 8*p - 5. Let b be v(-3). Let l = b + 38. What is the remainder when 42 is divided by l?
6
Let o be 4 + 3/(-3) - -2. Suppose -4*h + 7*h - 141 = 0. What is the remainder when h is divided by 156/10 + 2/o?
15
Suppose -1 = -2*n + 31. Suppose -6*c + 195 = 4*w - 3*c, -2*w - 5*c + 115 = 0. What is the remainder when w is divided by n?
13
Suppose 0 = 2*l + 6, 3*l + 67 = 4*a + 6*l. Let z = 33 - a. What is the remainder when 97 is divided by z?
13
Let x be 4*(-5)/(-40)*6. Suppose 0 = x*k - 58 - 2. What is the remainder when 77 is divided by k?
17
Let m = 2045 - 364. Suppose -8*x = -m + 97. What is the remainder when x is divided by 50?
48
Suppose s + 12 = -5*s. What is the remainder when 70 is divided by (-12)/(5 + s) + 10 + 6?
10
Let q(k) = k - 2. Let j be q(-7). Let t = 15 + j. What is the remainder when 26 is divided by 78/8 + t/(-8)?
8
Suppose 6*m - 60 = 5*m. Suppose m = 5*y - 65. Calculate the remainder when (3 - 12/5)*y is divided by 4.
3
Let l be (-1)/1 + 18/(-6). Calculate the remainder when 10 is divided by 96/16*l/(-6).
2
Suppose v + 5 = 0, v - 3*v = -3*h + 94. Let r = 29 - h. Calculate the remainder when (1 + 0)/(r/31) is divided by 17.
14
Let q(n) = -n**3 + 11*n**2 + 14*n + 10. Let f be q(12). Let u = f - 17. What is the remainder when u is divided by 4?
1
Suppose c + 5*g + 24 = 0, 0*g - 3*g - 230 = 5*c. Let j = -17 - c. What is the remainder when 61 is divided by j?
29
Calculate the remainder when 218/((-24)/(-10) + (-4)/10) is divided by 23.
17
Let i(j) = 31 + 4*j - j**2 + 12*j - 4*j. Calculate the remainder when 12 is divided by i(14).
0
Let q = 226 + -151. Calculate the remainder when q is divided by 39.
36
Let z(c) = c**2 - 32. Let p be z(6). Calculate the remainder when 15 is divided by (9*(-2)/4)/(p/(-8)).
6
Let j(n) = -n. Suppose 3*h + 2 - 14 = 3*r, 5*r + 28 = -3*h. Let o be j(r). Suppose -o*s + 80 = -60. Calculate the remainder when s is divided by 10.
8
Let w be 10/(-10) - (-1 + -24). Suppose -w*y - 14 = -25*y. Calculate the remainder when 95 is divided by y.
11
Let u be (10 - 5) + (-1 - (0 - 0)). Suppose -t = -2*l + 15, -u*l - l - t + 55 = 0. Calculate the remainder when 48 is divided by l.
8
Suppose 0 = -3*k - 4*s + 62, -3*k - 22 + 89 = 5*s. Calculate the remainder when 55 is divided by k.
13
Let o(d) = -d + 2. Let s be o(-2). Calculate the remainder when -21*((2 - s) + 1) is divided by ((-14)/(-6) - 1)*9.
9
Suppose 14*y = 441 + 455. Calculate the remainder when y is divided by 34.
30
Suppose -26 = -w + 3*u, u + 2*u + 4 = -w. Suppose 0 = 4*h + 16, -m + w + 17 = 2*h. What is the remainder when 179 is divided by m?
35
Suppose 0 = -2*y + 2*p - 4*p - 50, -4*p = -y - 40. Let j be (-35)/y - 2/8. Calculate the remainder when 3 + (2 - (j + -30)) is divided by 12.
10
Let l be ((-28)/5)/(2/(-10)). Let h = 65 - l. Calculate the remainder when h is divided by ((30/(-8))/3)/((-105)/1680).
17
Let p = 0 + 7. Calculate the remainder when p is divided by (-116)/(-145)*(0 - (-10)/4).
1
Suppose 0 = 56*s - 1601 - 6911. What is the remainder when s is divided by 35?
12
Suppose -5*f + 74 + 66 = 0. Suppose -2*d - f + 120 = 0. Calculate the remainder when d is divided by 10.
6
Let y(h) = h**2 - 6*h - 7. Let g be y(6). Let u(l) = -3*l - 9. Let q be u(g). Calculate the remainder when 8 is divided by (-15)/(-6)*q/10.
2
Let b(t) = 3*t**2 - 15. Let p be b(4). Suppose -w = -5*k - p, -3 = w + 4*k - 0. What is the remainder when 22 is divided by w?
9
Let c = -11 - -13. Let u(h) = 4*h**2 - h - 1. Let q be u(c). Suppose 0 = 2*t - 3 - q. What is the remainder when 15 is divided by t?
7
Suppose -28*b = -314 - 386. What is the remainder when b is divided by 7?
4
Suppose 8*t - 517 = 299. Calculate the remainder when t is divided by 57.
45
Suppose 0 = -k - 2*k + 6. Let o(r) = 2*r**2 + 0*r - 16*r - 9 - 2*r**k - r**2. What is the remainder when 10 is divided by o(-15)?
4
Let s(c) = -2*c + 1. Let j be s(-2). Suppose -j = -2*m - 39. Let d = 33 + m. Calculate the remainder when 93 is divided by d.
13
Let l(f) be the first derivative of 3*f**2/2 + 6*f + 1. Suppose 5*n = -4*n + 117. Calculate the remainder when l(6) is divided by n.
11
Let v = -642 + 926. What is the remainder when v is divided by 21?
11
Let p(i) = i. Let k(f) = -6*f - 14. Let a(s) = k(s) + 4*p(s). Suppose d + 3*y = -1, -5*d + y - 84 = -15. Calculate the remainder when a(d) is divided by 7.
5
Let z(x) = -x**3 - 4*x**2 + 5*x + 6. Let s be z(-5). Suppose -5*l + 64 = -s. Let o(f) = 3*f**2 - 2*f + 4. Calculate the remainder when o(3) is divided by l.
11
Calculate the remainder when ((-28)/70)/((-1)/10) + 130 is divided by 42.
8
Suppose -7*i + 13*i + 48 = 0. Let y = i - -27. What is the remainder when 35 is divided by y?
16
Let z be (-1 - 4) + 59 - 0. Let q = 15 - -15. What is the remainder when (-1580)/(-18) + 12/z is divided by q?
28
Let y = -14 - -9. Suppose 0 = 3*c + 10*r - 8*r + 1135, 0 = 3*c - r + 1147. Calculate the remainder when c/(-12) + y/(-20) is divided by 11.
10
Let l = -265 - -459. Calculate the remainder when l is divided by 33.
29
Let q(t) = 5*t**2 + 10*t - 11. Calculate the remainder when 80 is divided by q(-4).
22
Suppose -3*p + 2*d + 47 = 3*d, -4*p + 2*d = -66. Let a(n) = -3 + p*n**2 - 3 + 7. Calculate the remainder when 48 is divided by a(-1).
14
Let l = 228 + -222. Calculate the remainder when 27 is divided by l.
3
Let g = -45 + 23. Let d(f) = -f**3 - 22*f**2 - f - 18. What is the remainder when 12 is divided by d(g)?
0
Let o be 664/6 + (-44)/66. Suppose -2*c - 28 = -o. Calculate the remainder when (-1190)/(-10) - (0 - 1) is divided by c.
38
Suppose 0 = -3*h - 115 + 499. What is the remainder when h is divided by ((-172)/3*(-45)/30)/2?
42
Let j = -14 - -33. What is the remainder when (-326)/(-489) + 2 + 302/6 is divided by j?
15
Suppose -16 + 1 = -3*i, -b = 5*i - 183. Let y = b - 107. Suppose 5 = 2*h - 13. What is the remainder when y is divided by h?
6
Let g(a) = 29*a**2 - 2*a + 1. What is the remainder when g(2) is divided by 34 - (2 + (0 - 6))?
37
What is the remainder when ((-20 - -9) + 4)*-12 is divided by 17?
16
Let r = -1393 - -1479. What is the remainder when r is divided by 28?
2
Suppose 0 = -21*x + 881 + 190. What is the remainder when x 